z(-48)?
1
Let c(i) = -165*i - 21780. What is c(-132)?
0
Let h(a) = a**3 + 64*a**2 + 552*a + 521. What is h(-9)?
8
Let q(i) = -122*i + 981. Determine q(8).
5
Let d(y) = -16*y**2 - 18*y - 7. Calculate d(-1).
-5
Let x(j) = -111*j - 14656. Give x(-132).
-4
Let j(r) = -r**2 + 10*r - 66. Give j(10).
-66
Let w(r) = -181*r + 4162. Give w(23).
-1
Let n(j) = -11*j**3 + 3*j**2 + 5. Calculate n(2).
-71
Let n(l) = 732*l**2 + 7317*l - 8. What is n(-10)?
22
Let m(z) = 27*z + 1083. Give m(-40).
3
Let g(h) = -36*h**2 + 688*h + 687. Calculate g(-1).
-37
Let z(b) = -47*b - 235. Calculate z(-3).
-94
Let p(y) = -3*y**2 + 3*y + 5. Determine p(-8).
-211
Let m(z) = 31*z + 802. Give m(-19).
213
Let z(r) = -r**3 + 7*r**2 - 14*r - 106. Calculate z(-4).
126
Let k(o) = -134*o + 406. Give k(3).
4
Let f(g) = -219*g + 814. Give f(4).
-62
Let z(x) = 3*x**2 - 10*x - 17. What is z(6)?
31
Let y(a) = -7*a**3 - 11*a**2 + 43*a + 10. What is y(4)?
-442
Let j(y) = y**3 - 45*y**2 + 266*y - 8. What is j(38)?
-8
Let l(v) = -22*v**2 + 1386*v. Determine l(63).
0
Let i(b) = b**3 - 92*b**2 + 85*b + 8. Determine i(1).
2
Let k(q) = -q**2 - 634*q - 8084. Give k(-13).
-11
Let b(s) = 5*s**2 + 260*s + 259. Calculate b(-1).
4
Let h(g) = -2*g**3 + 246*g**2 - 721*g + 84. Give h(120).
-36
Let k(y) = y**3 + 33*y**2 - 67*y - 31. Determine k(-35).
-136
Let u(g) = g**3 - 146*g**2 - 448*g - 3. What is u(-3)?
0
Let i(w) = 434*w - 22952. Determine i(53).
50
Let v(m) = -4*m**2 + 64*m - 12. What is v(11)?
208
Let k(y) = y**3 + 13*y**2 + 85*y + 519. Calculate k(-11).
-174
Let d(w) = -w**2 - 3*w + 152. Give d(-14).
-2
Let c(g) = g**2 + 19*g - 115. What is c(5)?
5
Let p(b) = 2*b**3 - b**2 + 6*b - 3. What is p(1)?
4
Let d(n) = n**2 - 22*n - 180. What is d(-7)?
23
Let m(p) = 17*p - 628. What is m(37)?
1
Let w(x) = x**2 + 18*x - 30. Calculate w(-8).
-110
Let s(t) = -t**3 + 141*t**2 - 1302*t - 1050. Calculate s(131).
-2
Let x(s) = 3*s**2 - 203*s + 18. Give x(67).
-116
Let j(t) = 1383*t - 11071. What is j(8)?
-7
Let t(o) = 135*o - 903. Determine t(7).
42
Let x(k) = 2*k + 169. Determine x(-69).
31
Let s(y) = -4*y**3 + 25*y**2 - 7*y + 10. Calculate s(6).
4
Let p(l) = -10*l**2 - 31*l + 3. Calculate p(-6).
-171
Let d(h) = 3243*h + 12971. Calculate d(-4).
-1
Let z(o) = 3*o**3 + 9*o**2 + 16*o - 66. Calculate z(6).
1002
Let x(f) = 347*f - 11449. Calculate x(33).
2
Let b(q) = -q**3 + 25*q**2 - 116*q - 407. Calculate b(11).
11
Let z(a) = a**3 - 7*a**2 - 6*a - 8. Give z(7).
-50
Let b(v) = -7*v**3 - 33*v**2 - 98*v - 3. Give b(-3).
183
Let x(s) = s**3 + 24*s**2 - 97*s - 2757. Determine x(-23).
3
Let s(n) = n**2 + 2*n - 314. What is s(-18)?
-26
Let u(w) = w**3 + 8*w**2 - 84*w - 675. Give u(-8).
-3
Let q(d) = -187*d**2 + 6545*d - 9. What is q(35)?
-9
Let g(t) = -t**2 - 16*t - 44. Give g(-13).
-5
Let x(q) = -263*q - 2279. Determine x(-10).
351
Let c(g) = 16*g**3 + g**2 + 3*g - 3. Calculate c(2).
135
Let n(v) = v**3 - 6*v**2 - 20*v + 20. Determine n(9).
83
Let p(c) = -10*c**2 + 36*c - 1. Determine p(4).
-17
Let t(c) = 185*c + 5925. Give t(-32).
5
Let x(i) = -i**2 + 7960*i + 15927. Determine x(-2).
3
Let s(r) = r**3 + 25*r**2 + 80*r - 29. Give s(-21).
55
Let q(n) = -76*n + 3152. What is q(40)?
112
Let p(u) = 5096*u - 86634. Determine p(17).
-2
Let f(p) = p**3 + 28*p**2 - 21*p + 43. Calculate f(-29).
-189
Let q(k) = -k**2 + 75*k + 962. Calculate q(-11).
16
Let w(l) = -1006*l**2 + 3021*l - 10. What is w(3)?
-1
Let z(d) = -4*d**3 - 5*d**2 + 6*d + 4. Determine z(3).
-131
Let k(l) = l**3 + 12*l**2 + 11*l - 77. Give k(-9).
67
Let c(t) = -14*t**2 + 18*t - 62. What is c(6)?
-458
Let y(q) = -2*q**3 + 8*q**2 + 240*q + 13. Give y(-9).
-41
Let m(o) = -85*o - 2410. Calculate m(-27).
-115
Let s(p) = -8798*p - 105585. Calculate s(-12).
-9
Let v(q) = 10*q - 314. Determine v(38).
66
Let w(m) = 1016*m + 5075. What is w(-5)?
-5
Let u(f) = -f**3 - 5*f**2 - 4*f - 40. What is u(-6)?
20
Let j(m) = -m**3 - 29*m**2 - 85*m + 7. Calculate j(-3).
28
Let b(w) = -w**3 - 42*w**2 - 156*w - 70. What is b(-38)?
82
Let q(v) = -v**3 - 8*v**2 + 624*v + 4995. Give q(-8).
3
Let u(t) = -t**3 + 12*t**2 - 18*t + 35. Give u(10).
55
Let b(p) = 1223*p**3 - 2*p**2 - 4*p - 3. Calculate b(-1).
-1224
Let s(k) = -3*k**2 + 813*k + 1618. Give s(-2).
-20
Let h(s) = -2*s**2 - 92*s + 512. Give h(-51).
2
Let s(h) = 151*h**2 + 27*h + 60. Calculate s(-2).
610
Let k(t) = 3*t**3 + 242*t**2 + 2241*t + 68. Determine k(-70).
-2
Let b(p) = 56*p**2 + 7*p + 6. Give b(-1).
55
Let g(o) = -o - 76. What is g(-45)?
-31
Let p(g) = 6*g**2 + 194*g - 133. What is p(-33)?
-1
Let b(r) = r**3 - 15*r**2 - 70*r - 90. What is b(19)?
24
Let a(n) = -n**3 - 297*n**2 - 317*n - 6214. Give a(-296).
2
Let n(f) = 12*f**2 + 337*f + 2. Determine n(-28).
-26
Let h(g) = -2*g**3 - 62*g**2 - 60*g + 13. Give h(-30).
13
Let m(b) = -18*b**2 + 101*b - 203. What is m(2)?
-73
Let a(o) = -2252*o + 33774. Give a(15).
-6
Let g(d) = -1803*d**2 - 27045*d + 4. What is g(-15)?
4
Let f(o) = o**3 + 10*o**2 + 43*o + 88. Calculate f(-5).
-2
Let n(z) = 3128*z + 53185. Determine n(-17).
9
Let a(n) = -n**2 + 43*n + 3965. Give a(88).
5
Let n(t) = -t**2 + 13*t + 198. What is n(22)?
0
Let u(t) = 16*t**2 - 1454*t - 183. Calculate u(91).
-1
Let w(a) = 30*a + 249. Determine w(-9).
-21
Let y(a) = -640*a + 3016. What is y(5)?
-184
Let j(f) = f**3 + 3*f**2 - 89*f - 436. Calculate j(-6).
-10
Let f(u) = 403*u - 287. Give f(1).
116
Let l(m) = 68*m**2 + 199*m - 5. What is l(-3)?
10
Let i(q) = -303*q + 4226. Calculate i(14).
-16
Let y(x) = -x**3 - 43*x**2 - 61*x - 798. What is y(-42)?
0
Let g(j) = -j**2 - 170*j - 1139. Give g(-7).
2
Let d(c) = -c**2 + 37*c + 416. Determine d(47).
-54
Let q(s) = -s**3 - 13*s - 293. What is q(-6)?
1
Let n(h) = -30*h - 331. Give n(-14).
89
Let j(z) = -z**3 - 15*z**2 + 4*z - 205. Give j(-16).
-13
Let g(c) = 2*c**2 + 547*c + 7742. Determine g(-15).
-13
Let t(g) = -121*g - 992. Give t(-10).
218
Let j(k) = -k**3 + 28*k**2 + 12*k - 341. What is j(28)?
-5
Let g(z) = 2*z**2 - 39*z - 217. What is g(22)?
-107
Let g(s) = -s**3 - 17*s**2 - 35*s + 100. Determine g(-14).
2
Let p(o) = 4*o + 38. Calculate p(-5).
18
Let q(r) = -7*r**2 + 341*r + 105. Give q(49).
7
Let n(x) = 807*x + 6431. Give n(-8).
-25
Let a(t) = 2*t**2 + 36*t + 129. Determine a(-16).
65
Let m(q) = -60*q + 491. What is m(10)?
-109
Let k(n) = 422*n**2 + 2110*n - 8. What is k(-5)?
-8
Let n(d) = 3*d**2 + 91*d - 57. Calculate n(-27).
-327
Let c(p) = 67*p + 199. Calculate c(5).
534
Let t(l) = -l**3 - 11*l**2 - 18*l + 16. Determine t(-9).
16
Let i(p) = -p**3 - 7*p**2 - 28*p - 10. Calculate i(-6).
122
Let s(k) = -k**2 + 41*k + 17. What is s(0)?
17
Let o(p) = -389*p + 1947. Calculate o(5).
2
Let c(n) = -n**2 - 56*n - 28. What is c(-57)?
-85
Let a(f) = 26*f + 485. Determine a(-18).
17
Let x(w) = -w**3 + 7*w**2 + 19*w - 29. Determine x(9).
-20
Let j(h) = 4*h**2 - 1188*h + 13681. What is j(285)?
1
Let j(m) = 6752*m + 6754. Determine j(-1).
2
Let x(a) = a**3 - 153*a**2 + 680*a - 7. Determine x(5).
-307
Let p(v) = 7*v**2 - 43*v. Calculate p(6).
-6
Let d(i) = -93*i - 565. Give d(-6).
-7
Let d(p) = -370*p**3 - p**2 - 2*p - 1. What is d(-1)?
370
Let r(u) = 3*u**2 - 84*u + 300. What is r(28)?
300
Let f(b) = -2*b**2 - 8*b + 124. Give f(-13).
-110
Let i(t) = t**3 - 215*t**2 + 1044*t + 12. Calculate i(5).
-18
Let z(o) = -8*o**2 - 97*o - 216. Give z(-9).
9
Let a(b) = -b**3 - 69*b**2 - 787*b - 233. What is a(-14)?
5
Let l(j) = j**3 - 542*j**2 + 12926*j - 517. Determine l(517).
0
Let r(k) = 24*k + 326. What is r(-17)?
-82
Let h(d) = -5*d + 424. Give h(16).
344
Let x(v) = v**3 + 14*v**2 + 5*v - 2. What is x(-17)?
-954
Let x(y) = -1958*y - 11758. Calculate x(-6).
-10
Let h(c) = -101*c - 1285. Determine h(-15).
230
Let r(l) = 41*l**2 + 890*l - 250. Calculate r(-22).
14
Let v(u) = -202*u + 41. What is v(7)?
-1373
Let c(z) = -5093*z - 40727. Determine c(-8).
17
Let k(c) = -c**2 - 156*c - 2554. Determine k(-19).
49
Let i(k) = 9*k**2 + 46*k - 148. Determine i(3).
71
Let u(k) = 2*k**3 - 69*k**2 + 98*k - 35. Determine u(33).
-68
Let k(v) = -28*v**2 + 253*v - 22. What is k(9)?
-13
Let u(x) = -146*x - 754. What is u(-6)?
122
Let s(d) = -d**2 + 2916*d + 8757. Determine s(-3).
0
Let s(m) = 3*m**2 - 199*m + 60. Calculate s(66).
-6
Let l(f) = 2*f**2 + 12*f - 25. Give l(-13).
157
Let h(r) = -r**2 + 29*r - 38. C